8
What is -5 - (0 + 3 + (-7 - -4))?
-5
What is (2 - 2) + -1 + -3 + 0?
-4
What is -3 + 3 + 4 - 8?
-4
What is -6 - ((1 - 2) + (3 - 4))?
-4
What is (3 - 0) + 2 - 7?
-2
Calculate -1 + -1 + 2 + 4 + -6.
-2
-3 + -2 + (3 - -1)
-1
What is the value of -1 + -2 + -1 + 7?
3
Calculate -6 - -3 - 3 - -9.
3
-1 - 1 - (-3 + 4)
-3
What is -2 + -2 + 7 + -16 + 15?
2
-1 - -2 - (2 - 0)
-1
7 + -5 + -1 + 1 + 2
4
0 + 10 + 18 + -22
6
2 + -2 - -4 - (1 - -3)
0
Calculate (5 + -8 - -8) + -2.
3
What is the value of (7 - 5) + (0 - -2 - 3)?
1
Calculate -4 + 2 + -7 + 4 + 10.
5
Evaluate -8 - -5 - (-9 - -1).
5
What is (-3 - (-6 - -1)) + -7?
-5
What is 1 - (-5 + 2) - (9 + -7)?
2
9 - (-12 + 21) - (0 - 1)
1
Calculate (-4 - 4) + (6 - (5 - 2)).
-5
Evaluate (-17 + 14 - (-1 - -7)) + 7.
-2
What is the value of (-2 + -5 - -10) + -3?
0
What is 3 + -12 + 3 + 4?
-2
Evaluate 8 + (6 - 6) - 1.
7
What is the value of -13 + 22 - (-6 - -7)?
8
Calculate -6 - (6 + (-10 - 6)).
4
What is -1 - -3 - (1 + (4 - 1))?
-2
What is -10 + (1 - -8) + 1 + -5?
-5
What is 4 - 5 - 0 - (-4 - -1)?
2
Evaluate (-3 + -7 + 13 - 8) + 4.
-1
5 + (0 - -6) + -11
0
-12 + (3 - -4) + 9
4
What is 14 - (2 + 6 + 13)?
-7
What is the value of (19 - 5) + -14 + 2?
2
What is 6 - ((0 - 1 - 6) + 10)?
3
What is the value of (2 - 4) + -2 + (1 - -6)?
3
What is the value of -10 + 3 + (7 - 4)?
-4
What is 8 + (10 - (6 - -7))?
5
What is 1 + (-18 - -13) - (-1 - 1)?
-2
What is (0 - -7) + (3 - (-7 - -14))?
3
What is (-3 + 8 - 4) + -2 + 5?
4
What is the value of -4 + 1 + -2 - 0?
-5
3 - (-3 - (-3 - (3 + -2)))
2
What is -2 + 1 + 0 + 4?
3
Calculate (0 - -1) + -2 - (-8 + 3).
4
What is -3 + -4 + 0 - -12?
5
What is the value of 1 + -4 - ((-3 - -2) + -5)?
3
What is 3 + (-4 - -7 - 10)?
-4
Calculate -4 + (2 - 4) - -1.
-5
What is the value of 3 + (1 + 3 - 3 - 3)?
1
Evaluate -42 + 47 + (-3 - -2).
4
What is (-8 - -5 - 0) + 0?
-3
0 + 3 + (-2 - 0) + -1
0
(4 - 13) + (6 - 2)
-5
What is -2 - 1 - (19 - 23)?
1
Evaluate 3 - 3 - (-18 + 15).
3
What is (9 - 9) + -8 - (3 - 20)?
9
Calculate -1 - ((8 - (0 - -2)) + -5).
-2
Calculate 7 + 0 + (4 - 19).
-8
-1 + -2 + (0 - (1 - 5))
1
Calculate (-8 - (1 - 9)) + 4.
4
Evaluate (3 - (-6 + -1)) + -3.
7
What is the value of -2 - 1 - (7 - 5)?
-5
What is (2 - 7) + (-41 - -45)?
-1
What is (-11 - (-8 + 1)) + -4?
-8
What is -3 + -4 + 3 + -1?
-5
What is 6 + (-6 - (-10 - -6) - 2)?
2
What is 2 + -2 + (0 - 3) + 3?
0
-2 + 2 - -2 - (32 - 29)
-1
What is the value of (-15 - -19) + -4 + -1?
-1
Evaluate 5 + -1 + -1 - 6.
-3
What is the value of -12 + (16 - 8) - (4 + 0)?
-8
Calculate 1 + -1 + (-4 - (-9 - -1)).
4
What is the value of 0 + (-21 - -13) + (2 - -1)?
-5
Calculate 5 - (18 - 14) - -1.
2
What is 6 + 0 + 4 + -5 + -6?
-1
What is the value of -8 - ((7 - 7) + -3)?
-5
Calculate (8 - 0) + (-6 - (-3 + 0)).
5
-17 - -13 - (1 + -2 - 2)
-1
What is the value of 6 + (-19 + 8 - -9)?
4
Calculate (-1 - (8 + -4)) + -5 + 4.
-6
What is (4 - 5) + (-2 - -2) + 2?
1
Evaluate (0 + -1 - (-6 + -3)) + -3.
5
Calculate (8 + -3 - 3) + 2 - 6.
-2
Calculate (-3 - (-2 - 4)) + 1.
4
What is the value of 5 - (-6 - (1 + 8 + -28))?
-8
Calculate 2 + (-5 - -1) + 0.
-2
Calculate 5 + (-20 - (8 + -17)).
-6
What is the value of 6 + -2 - (17 - 18)?
5
Evaluate 1 + -3 + 6 + -1 - -3.
6
Calculate 6 - (0 + 15 + -6).
-3
What is the value of -1 + (8 - 5) + 2?
4
-51 + 44 - (1 + -14)
6
Calculate -8 + 3 + (-4 - -4).
-5
What is (4 - -9) + (-12 - -5)?
6
Calculate 4 + (1 - -1 - 4) - -1.
3
Evaluate (-2 + 4 - -2) + -7 - -4.
1
Evaluate 1 - (14 + -4) - -6.
-3
1 + 2 + -1 + (-172 - -172)
2
What is (4 + -5 - -1 - 0) + -1?
-1
-24 + 26 + 1 + 0
3
What is the value of (5 + -4 - -3) + -9?
-5
What is -2 + (-3 + 5 - 5)?
-5
Calculate 3 + (-1 - -2) - (-26 + 34).
-4
(4 + -1 + -3 - 0) + -4
-4
2 + 2 + -2 + 0
2
Calculate 4 - (3 + (2 + -3 - -1)).
1
What is 0 - (-9 - ((0 - -8) + -7))?
10
What is 4 - 3 - 14 - -7?
-6
What is the value of -2 + 0 + (1 - 3)?
-4
What is the value of -1 - (-3 - (3 + -6))?
-1
What is 9 + 2 + -1 + -5?
5
What is -12 + 1 + 10 - (-1 + -3)?
3
Calculate 3 + 6 + (-6 - -5) + -1.
7
Calculate 3 - (11 - 10 - -8).
-6
Evaluate 0 - 0 - (-1 - (3 + -3)).
1
Evaluate 11 + (-3 - -4) + -9.
3
Evaluate -1 + (4 - 6 - (5 - 4)).
-4
Evaluate (-1 - -8 - -6) + -7.
6
What is 3 + -5 + (4 + -5 - -2)?
-1
What is 2 - ((5 - 4) + -1 + 0)?
2
Evaluate 3 + -12 + 0 + 6.
-3
What is the value of -8 - -3 - (-2 + 2)?
-5
Evaluate -1 + -7 + (-3 - -4) + 2.
-5
What is -5 + -3 + 0 + 6 - 3?
-5
What is the value of 0 + 6 - (5 + 6)?
-5
What is the value of -3 - (6 + (-5 - 0))?
-4
Evaluate -1 + -1 + -12 + 13 + 5.
4
Evaluate -1 + (-1 - -3) - 0.
1
Evaluate (3 - 4) + (-12 - -20).
7
What is (9 - (-8 + 5 - -5)) + -4?
3
Evaluate 7 - -1 - (12 - (30 - 21)).
5
Evaluate -6 - 0 - (-10 + 3).
1
What is the value of -2 - -2 - -1 - (-3 + 7)?
-3
Calculate 6 + (2 - 1 - (-2 - -8)).
1
Evaluate (-5 - -5) + -1 + 4.
3
What is the value of -5 + (12 - (8 + -6))?
5
Evaluate -1 - 2 - ((8 - 1) + -9).
-1
What is the value of (-4 + -8 - -3) + 11?
2
2 - 6 - (-5 + 6)
-5
-9 - 4 - -10 - (-1 - 1)
-1
(3 - 1) + 7 + -2 + -2
5
-4 + (13 - (13 + -3))
-1
What is the value of 12 + (-8 + -23 - -15)?
-4
What is the value of -2 + (-2 - -3 - 0) + 0?
-1
Evaluate -8 - (-3 + 2 - 13).
6
Evaluate -4 - (0 - 8) - 6.
-2
(1 - 6 - -7) + -1
1
What is 1 + -1 + 5 - (3 - 3)?
5
Calculate (0 - -1) + 7 + -8.
0
Calculate -5 - (-1 - -1 - 5).
0
(-2 - -9 - 9) + (-1 - 2)
-5
Calculate -7 + -1 - (58 - 72).
6
Calculate 9 + 4 + 0 + (0 - 8).
5
Calculate -3 + (1 + -3 - -15) + -3.
7
Calculate -4 + -13 + 3 - -22.
8
-3 + 7 + (-2 - 6)
-4
-9 + 1 + -3 - (-2 - 2)
-7
Evaluate (7 - 2) + (-16 - -16).
5
Calculate (-5 - -2) + (-14 - (5 + -14)).
-8
What is 1 + -4 - (-24 - -19)?
2
Evaluate -2 - 12 - (-45 - -37).
-6
-4 - 2 - (7 + (-16 - -10))
-7
What is the value of 5 + (-5 - 0) + -5?
-5
What is the value of -2 + (5 - (-14 - -5)) + -1?
11
Calculate 3 - (-6 + (6 - 0)).
3
(-1 - -2) + (-15 - -19) - -1
6
What is -1 + (-2 - -3) + 20 + -21?
-1
What is the value of (5 - -2) + -2 - (-1 + 3)?
3
Calculate -158 + 153 - (-1 + -1).
-3
(1 - 12 - -6) + (1 - 0)
-4
What is the value of (-1 - 5 - -13) + -4?
3
-6 + -1 + 1 + (-5 - -9)
-2
Evaluate -23 + 29 + (-7 - -1).
0
12 + (8 - 18) + 1
3
What is -2 - ((1 - 4) + 15 + -11)?
-3
Evaluate -4 - (-3 - (0 + 4)).
3
What is the value of 1 + (3 - 6 - -1) - -2?
1
What is (-8 - -3 - -5) + -2?
-2
2 + -2 - (-4 + -2 + 7)
-1
What is the value of 8 + -5 - 2 - (2 + 0)?
-1
Calculate (-7 - -1) + 3 + -8 + 5.
-6
What is 16 - 19 - (-7 + -1)?
5
What is 2 + (2 - (2 + 1 - 2))?
3
What is the value of (-7 - -4) + (-4 + 2 - -5)?
0
Calculate -7 + 4 + 2 + -6.
-7
Calculate 2 + -7 + 10 + -12 + 4.
-3
What is the value of (5 - (5 - 0)) + 0 + 2?
2
Evaluate (-5 + 1 - 0) + 9.
5
What is 0 + -2 - (2 - 6)?
2
0 + 3 - (-10 - -15)
-2
What is the value of 1 - (10 + -6 - 9)?
6
0 + -3 + 0 + 2 - -5
4
(-6 - (-12 + 6)) + -3
-3
Evaluate 4 + (-1 - 6) - -4.
1
-5 + -7 + 15 + -3
0
Evaluate 11 - (7 + 26 - 13).
-9
What is -6 + 2 + (-5 - -11 - 0)?
2
What is (0 - -5 - 8) + 3?
0
What is (4 - 1) + -4 + 1?
0
Evaluate -9 - (16 + -18 + (0 - 2)).
-5
Calculate -5 + 13 + -1 + -3 - 2.
2
What is the value of 3 - ((3 - (4 - 0)) + 3)?
1
Evaluate (10 - 3) + -1 + -11.
-5
Calculate -7 + 8 - (-4 + 3).
2
Calculate (-4 - (-1 - 4)) + -1.
0
-93 + 76 + 12 + -1
-6
(-4 - -3 - -4) + 1 + -2
2
What is the value of 11 - (8 - (-6 + 10))?
7
What is the value of -2 - (-5 + 1 - -6)?
-4
Evaluate -8 + (7 - -4) - (0 - 0).
3
What is -1 + -1 - 0 - (-2 - 5)?
5
What is the value of -3 + (-2 + 0 - (-3 - 7))?
5
What is the value of (2 - (2 - 0)) + 26 + -23?
3
Calculate 2 + (-3 - 0) + 5 + -1.
3
4 - (4 + -1 + 4)
-3
Calculate 6 + (13 - 14) + 0 + -1.
4
(2 - 8) + 7 + 0
1
What is (3 - 2) + -4 + 5?
2
What is the value of (8 - 13 - (-2 + 4)) + 6?
-1
Calculate (0 - 2) + (-5 - -4).
-3
7 + -1 + 25 + -31
0
(9 - -1) + (1 - 9)
2
3 + (17 - (3 + 9))
8
Calculate -5 - (-4 - 0) - -3.
2
(1 - 1) + 3 + (2 - 6)
-1
What is the value of -6 - ((-1 - -10) + -17)?
2
(2 - 0) + 3 + (-1 - -1)
5
What is the value of 15 + -14 + (4 - -4 - 3)?
6
Evaluate 3 - 2 - -2 - 1.
2
What is -5 + (5 - -1) + 2 + -2?
1
Evaluate (-1 - (2 + 2 + -2)) + -2.
-5
What is (6 - 2) + -3 + 0?
1
What is the value of -4 - -3 - (3 + 2 + -3)?
-3
-24 + 20 - (-2 + -2 + 0)
0
Calculate -14 + 19 + (1 - 10).
-4
(9 + -8 - 4) + -3
-6
Calculate 0 + (-2 + 1 - (-14 + 12)).
